- 2*g. List the prime factors of o.
2, 13
Suppose -2*z - 6 = -4*z. What are the prime factors of (-1)/((z/11)/(-3))?
11
Let s(t) = 2*t**2 - 44*t + 78. What are the prime factors of s(31)?
2, 3, 53
Let v = 826 + -477. Suppose 3*u - 4*q = 285, -2*q - v = -4*u - 7*q. What are the prime factors of u?
7, 13
Let t(g) = g + 9. Let j be t(-7). Suppose -n + 6 = j*n. Suppose -4*b - 2*x = -0*x - 140, n*b = -2*x + 72. What are the prime factors of b?
2, 17
Let p(j) = 8*j**2 - 17*j - 72. What are the prime factors of p(-8)?
2, 3
Let s be ((-91)/14)/(2/(-36)). Let q = -84 + s. What are the prime factors of q?
3, 11
Let d(t) = -2*t - 3. Let x(m) = m + 1. Let l(u) = -3*d(u) - 5*x(u). Let a(o) = -5*o + 1. Let p be a(-1). List the prime factors of l(p).
2, 5
Suppose 2*q + 1 = 5. Suppose -3*m = q*m - 10. Let x(w) = 3*w**2 + 4. What are the prime factors of x(m)?
2
Let o(t) = 9*t. Let d(r) = -r. Let g(s) = -6*d(s) - o(s). Let a be g(-10). List the prime factors of (-12)/1*a/(-18).
2, 5
Let l(n) = -n**3 - 8*n**2 - 31*n - 55. List the prime factors of l(-16).
19, 131
Suppose -5*o = j - 1419, -o - 4*j + 299 = -0*o. What are the prime factors of o?
283
Let b = 81 + -103. List the prime factors of 12900/44 + -5 + 4/b.
2, 3
Let x = 1713 - 453. Suppose o + 8*o = x. List the prime factors of o.
2, 5, 7
Let t(f) = 119*f**3. Let r be t(-1). Let n = 229 + r. What are the prime factors of n?
2, 5, 11
Suppose 1303 = 2*b - 4*y + 371, 5*b - 2302 = -4*y. Suppose 17*k - 5*m = 15*k + b, -m = 5*k - 1182. List the prime factors of k.
2, 59
Let s = -498 + 1890. What are the prime factors of s?
2, 3, 29
Suppose 5*p - 3*r + 17 = 0, 2*r = p + r + 3. List the prime factors of (214/(-10))/(p/20).
107
Suppose 15 = -3*t, -38*q + 35*q - 5*t = -5123. What are the prime factors of q?
2, 3, 11, 13
Let n be (-708)/(-24) + 2/4. Suppose 4*k = 5*x + n, 0 = -3*x - k + 2*k - 18. Let b = x - -18. What are the prime factors of b?
2, 3
Suppose 8*x - 9*x = -120. What are the prime factors of x?
2, 3, 5
Let r(n) = n**3 + 18*n**2 - 15*n + 26. List the prime factors of r(-13).
2, 13, 41
Suppose 0 = 2*z + z - 1083. Let x = z + -248. What are the prime factors of x?
113
Let t(x) = x**3 - 11*x**2 + 8*x + 20. Let v be t(10). Suppose -4*c - 5*y + 479 = v, 0*c + c - 110 = 2*y. What are the prime factors of c?
2, 29
Suppose -4*k + b = -b - 18, 3*b - 36 = -3*k. Let a(d) = 4*d + 0 - 4 + k*d - 23*d. What are the prime factors of a(-2)?
2, 5
Let n be 4/5*330/(-12). Let d = 10 + n. Let b = -6 - d. List the prime factors of b.
2, 3
Let w(f) = -f**3 + 19*f**2 - 39*f + 19. Let g be w(17). List the prime factors of ((-3)/(-9))/(4/g)*-14.
7, 11
Suppose 4*m = -0*v - 2*v + 50, v + 4*m = 33. Suppose -v*z - 21 = -20*z. What are the prime factors of 2/z + 4408/56?
79
Suppose 9*o + 15938 = 22*o. What are the prime factors of o?
2, 613
Let m(x) = x**3 - 5*x**2 - 11*x + 9. Suppose 15 + 25 = 5*f. What are the prime factors of m(f)?
113
Let z = -93 - -59. Let o = 50 + z. List the prime factors of o.
2
Let n = -849 + 1424. List the prime factors of n.
5, 23
Let x = -1 + 7. Suppose 8*n - x*n = 0. Suppose 3*r = -u + 28, n = -3*u - 2*r + 85 + 13. List the prime factors of u.
2, 17
Let d(p) = -p**3 + p**2 - 5*p + 108. List the prime factors of d(-15).
3, 13, 97
Let m = 84 - 79. Suppose m*s + 725 = 2*v, -s = -2 + 7. List the prime factors of v.
2, 5, 7
Suppose -22*o = -663 - 1757. List the prime factors of o.
2, 5, 11
Suppose -1520 = -43*u + 42*u. What are the prime factors of u?
2, 5, 19
Let a(u) = 46*u**2 - 4*u + 6 + 2*u - 43*u**2. List the prime factors of a(-5).
7, 13
Let t be (-1)/(4/(-6 + 2)). Let x = 2 + t. Suppose -u = -8 - x. What are the prime factors of u?
11
Let z be 4/6 - 32/(-6). Suppose 144 = -z*o + 384. List the prime factors of o.
2, 5
Let z = -933 - -555. Let q = -122 - z. List the prime factors of q.
2
Suppose 0 = 3*o - 487 - 1364. What are the prime factors of o?
617
Suppose 12*j = 4*j - 80. Let d = 74 + j. List the prime factors of d.
2
Let r(c) = 2*c + 64. Let p(l) = 3*l + 127. Let x(n) = -2*p(n) + 5*r(n). What are the prime factors of x(20)?
2, 73
Let m(l) = 5*l**2 + 9*l + 93. What are the prime factors of m(-11)?
599
Let h be 196/2 + 3 + -2. Let i = h - 38. What are the prime factors of i?
61
Let v = -23 - -25. Suppose 4*y + 2*o - 326 = 0, y - v*o = 2*o + 68. List the prime factors of y.
2, 5
Let n(w) = w + 4. Let x be n(0). Let t(b) = 13 - 6*b + 5*b + 3 - 3*b**2 + x*b**2. What are the prime factors of t(-5)?
2, 23
Suppose -8*m - 709 = -13941. List the prime factors of m.
2, 827
Suppose 2*m = 5*x + m - 295, 0 = 3*x + 4*m - 177. Let i = 127 - x. What are the prime factors of i?
2, 17
Let u = -21 + 24. Let b = u - -39. What are the prime factors of b?
2, 3, 7
Let c(f) = -f**2 + 4*f + 3. Let w be c(6). Suppose -92 = 8*z - 492. Let k = w + z. What are the prime factors of k?
41
Suppose -2*l - 592 - 14 = -x, -4*x + 4*l = -2444. List the prime factors of x.
2, 7, 11
Suppose 0*b + 13*b = -65. Let o(u) = -40*u + 14. List the prime factors of o(b).
2, 107
Suppose -5*d + p + 12145 = -4*p, 3*p = 4*d - 9721. List the prime factors of d.
2, 1217
Suppose -3*r + 5*x = -29 + 4, 0 = 2*r - 5*x - 20. Suppose 0 = u - r*i - 26, 5*i = 3*u - 18 - 30. Let w = u - -1. List the prime factors of w.
2, 3
List the prime factors of -1 + ((-1)/(-5) - 164/(-5)).
2
Suppose -2*s + 186 = s. Suppose -m - 8 + 12 = 0. Suppose s = m*d - 42. What are the prime factors of d?
2, 13
Let z be -1*7 + (-11)/(-11). Let r be ((-8)/10)/(z/(-1635)). What are the prime factors of r/(-7) - (-12)/(-84)?
31
Suppose -37081 = -57*t + 70820. List the prime factors of t.
3, 631
Let x(h) = -2*h + 2. Let c(u) be the third derivative of -u**4/24 + 2*u**3/3 - u**2. Let r be c(5). What are the prime factors of x(r)?
2
Suppose 4*u - 5*c = 409, -u - 2*c = 3*c - 71. Let r = -58 + 2. Let q = r + u. List the prime factors of q.
2, 5
Let p(c) = c + 59. Let o be 6/(-39) - 4/(-26). List the prime factors of p(o).
59
Let d = 27 - 19. Let q be (126/d)/(9/240). Suppose -r = -3*o + 4*r + 271, 0 = 5*o - 2*r - q. List the prime factors of o.
2, 41
Let w(m) = m**3 - 10*m**2 - m - 3. Let v be w(11). Suppose -v - 1 = -4*i. What are the prime factors of i?
3
Let l(t) = 4*t - 17. Let o be l(5). Suppose 2*p + o*p = 495. List the prime factors of p.
3, 11
Let r = -851 - -354. Let g be 14/77 + r/11. What are the prime factors of 252/g*-1*5?
2, 7
Suppose 1245 = 4*h - 32*j + 37*j, 5*j - 1550 = -5*h. What are the prime factors of h?
5, 61
Let s(c) = c + 24. Let j(b) = b**2 - 4*b - 5. Let q be j(5). List the prime factors of s(q).
2, 3
Let f(n) = 4250*n**3 + 12*n**2 - 10*n - 2. What are the prime factors of f(1)?
2, 5, 17
Suppose -4*f = -3*o - 53 + 272, 4*f = -o + 89. Let b = 118 - o. What are the prime factors of b?
41
List the prime factors of (-749)/70*-5 - 1/(-2).
2, 3
Suppose 5*w = 1828 + 2457. What are the prime factors of w?
857
Suppose k - 359 = 4*d - 8*d, -3*d + 266 = 4*k. What are the prime factors of d?
2, 3, 5
Let g = 14 + 60. Let y = -38 + g. List the prime factors of y.
2, 3
Let r(t) be the first derivative of t**4/4 + 7*t**3/3 - 6*t - 52. Let g = -8 + 2. List the prime factors of r(g).
2, 3, 5
Let m = 0 - 4. Let r(v) = -3*v - 10. Let q be r(m). Suppose l - 5*f - 71 = 0, -q*l + 0*l - 2*f + 82 = 0. What are the prime factors of l?
2, 23
Suppose -3*r + 0*r - 48 = 0. Let p be (399/(-76))/(6/r). Suppose -4*y + p = 6. List the prime factors of y.
2
Let n(p) be the second derivative of p**5/20 + p**3/6 + 12*p**2 + 18*p + 1. Suppose -16 = 2*h + 4*j - 0*j, -5*j - 20 = -5*h. What are the prime factors of n(h)?
2, 3
What are the prime factors of ((-144)/(-6))/(9/84)?
2, 7
Suppose 10 = -2*z, -2*l - 5*z = -1766 - 1725. What are the prime factors of l?
2, 3, 293
Let q(x) = 2*x**2 + 3*x + 30. Let y be 2 - (-2 + -3) - (-6)/3. What are the prime factors of q(y)?
3, 73
Let j be 3 - -4 - (4 - 4). Suppose -l = -j*l + 330. List the prime factors of l.
5, 11
Suppose 1 + 35 = 3*z. Suppose z*x = 14*x - 506. List the prime factors of x.
11, 23
Let j = 780 + -505. List the prime factors of j.
5, 11
Suppose 38 = -4*u + 50. Let f be (-1)/(-2) + (-254)/(-4). Suppose g = -u*g + f. What are the prime factors of g?
2
Let j = 24 - 22. Suppose 0 = -j*r - 4*l + 44, -2*r - 3*l + 108 = 2*r. What are the prime factors of